e 8, what is -74 - -217?
123
In base 7, what is 2 + -464?
-462
In base 14, what is 8 - 1?
7
In base 10, what is -13 + -11?
-24
In base 8, what is 1116 + 5?
1123
In base 9, what is 8 + -8?
0
In base 14, what is -18 + -12?
-2a
In base 8, what is 0 - -43?
43
In base 12, what is -13 + 320?
309
In base 10, what is 52 + -11?
41
In base 13, what is -2aa + 8?
-2a2
In base 5, what is -1344 + 3?
-1341
In base 8, what is -3 - -1?
-2
In base 10, what is -11 + -7?
-18
In base 6, what is -32 - 3023?
-3055
In base 4, what is -32 + 130?
32
In base 5, what is 4 - -210?
214
In base 13, what is 38 + -4?
34
In base 11, what is 7 + -467?
-460
In base 16, what is 5 - -21?
26
In base 6, what is -333135 + -5?
-333144
In base 12, what is -37 - 2?
-39
In base 14, what is -1 + c?
b
In base 2, what is -110000 + -101?
-110101
In base 9, what is 2 + 126?
128
In base 2, what is 110 - 111?
-1
In base 9, what is 0 - -4612?
4612
In base 13, what is -103 - -10?
-c3
In base 8, what is 4 + 123?
127
In base 8, what is -3 - 1111?
-1114
In base 5, what is 110040 + 1?
110041
In base 5, what is -4 + -1004?
-1013
In base 8, what is -521 - -1?
-520
In base 11, what is -3273 - 5?
-3278
In base 16, what is -219 - -4?
-215
In base 13, what is 0 - -9?
9
In base 14, what is -3 + -127?
-12a
In base 11, what is -7 + -32?
-39
In base 5, what is -11 + 22033?
22022
In base 8, what is 4 - -1?
5
In base 4, what is 3 + -1020?
-1011
In base 3, what is -1 - -100?
22
In base 9, what is -2053 + 0?
-2053
In base 2, what is 0 - -1110101?
1110101
In base 15, what is -83 - 2?
-85
In base 10, what is 71 + 30?
101
In base 8, what is 243 - 0?
243
In base 8, what is -1 + 5134?
5133
In base 8, what is -27 - -16?
-11
In base 8, what is 176 - 3?
173
In base 3, what is 1 - -122212?
122220
In base 10, what is -1172 + -18?
-1190
In base 5, what is 2 - 421?
-414
In base 15, what is -3 + -cee?
-d02
In base 14, what is -4 + -37?
-3b
In base 8, what is 163 - 13?
150
In base 5, what is -11211 + -2?
-11213
In base 7, what is 0 - -251?
251
In base 8, what is -2 - -6?
4
In base 11, what is -a7 + -3?
-aa
In base 10, what is 150 + 0?
150
In base 3, what is -10102 - -11?
-10021
In base 8, what is 571 - 15?
554
In base 8, what is 1 - -175?
176
In base 16, what is 9 + -6eb?
-6e2
In base 12, what is -9 - 32?
-3b
In base 16, what is -3 + -9?
-c
In base 10, what is 3 - 872?
-869
In base 7, what is 3 + 102?
105
In base 13, what is -3 + -1b6?
-1b9
In base 7, what is -4051 - -2?
-4046
In base 13, what is 18 + 104?
11c
In base 10, what is -804 + -7?
-811
In base 11, what is -12a44 - 0?
-12a44
In base 8, what is -4 + -171?
-175
In base 3, what is 10 + -112000?
-111220
In base 9, what is -5 - -678?
673
In base 12, what is -21 - -43?
22
In base 7, what is 543 - -1?
544
In base 14, what is -7c39 - 2?
-7c3b
In base 15, what is 0 - 20?
-20
In base 15, what is 78 - -16?
8e
In base 8, what is -2 + 5445?
5443
In base 10, what is 4 + 102?
106
In base 14, what is -2 - -4?
2
In base 10, what is 0 - 5179?
-5179
In base 4, what is -2 - -20210?
20202
In base 15, what is -3 - -191b?
1918
In base 5, what is 3 + 10121?
10124
In base 11, what is -8a - -a?
-80
In base 10, what is 2 + 27?
29
In base 9, what is 5 - 6?
-1
In base 4, what is -3 + -13321?
-13330
In base 5, what is -1 - -130?
124
In base 8, what is 356 - 11?
345
In base 10, what is 24 + 62?
86
In base 7, what is -22 + 10?
-12
In base 14, what is -c42 - 1?
-c43
In base 9, what is 1 + -4812?
-4811
In base 16, what is f - -5?
14
In base 11, what is 258 + -2?
256
In base 5, what is 41 - -224?
320
In base 15, what is -b5a + 3?
-b57
In base 8, what is -41 + 6?
-33
In base 11, what is -131 + -63?
-194
In base 2, what is -100 + -100111110?
-101000010
In base 11, what is 823 - 6?
818
In base 12, what is -1 + -12?
-13
In base 6, what is -12 + 3?
-5
In base 8, what is -3 - 1461?
-1464
In base 9, what is -3 + 1031?
1027
In base 8, what is -6151 + 2?
-6147
In base 11, what is -5 - -14a?
145
In base 13, what is 36 + -5?
31
In base 9, what is -7126 + 1?
-7125
In base 13, what is 150 - -4?
154
In base 13, what is 4 + -48?
-44
In base 11, what is -7 - -313?
307
In base 8, what is 3173 + 0?
3173
In base 4, what is -10 - -1232202?
1232132
In base 11, what is 96 + -2?
94
In base 9, what is -16810 + -3?
-16813
In base 5, what is -444 - -14?
-430
In base 11, what is 9 - 87?
-79
In base 6, what is -3 + -2502?
-2505
In base 2, what is 101110 - 1001001?
-11011
In base 10, what is -8 - -33?
25
In base 9, what is -1 + 185?
184
In base 14, what is 0 - 1a3?
-1a3
In base 4, what is 3 - 120021?
-120012
In base 3, what is -100 + -2112202?
-2120002
In base 10, what is -2 + 3206?
3204
In base 10, what is 13800 + 5?
13805
In base 3, what is -2100102 + 0?
-2100102
In base 8, what is 121 + 2?
123
In base 10, what is -3 - 63?
-66
In base 3, what is -1102 - 212?
-2021
In base 6, what is 1 - -1014?
1015
In base 9, what is -20 + 6?
-13
In base 9, what is 354 + 5?
360
In base 9, what is 326 - -1?
327
In base 11, what is -135 + -a?
-144
In base 4, what is 113 - 121?
-2
In base 6, what is -212 - -31?
-141
In base 3, what is 102 + 1002021?
1002200
In base 9, what is -1408 + 3?
-1405
In base 7, what is -32 + -54?
-116
In base 9, what is 2 + -4225?
-4223
In base 8, what is -65 + 60?
-5
In base 16, what is -11 + -5?
-16
In base 3, what is -101 + -201?
-1002
In base 12, what is -1 + -38?
-39
In base 16, what is -3f1 + -3?
-3f4
In base 15, what is 3 - -197?
19a
In base 11, what is -24 + 5?
-1a
In base 9, what is 376 + 2?
378
In base 2, what is -1 - 1000100?
-1000101
In base 11, what is -18a - 0?
-18a
In base 4, what is -2 + -13121?
-13123
In base 16, what is 5054 + -5?
504f
In base 16, what is 10 + -59?
-49
In base 7, what is -2 - 2436?
-2441
In base 16, what is -abb + -2?
-abd
In base 14, what is -1b7 - 5?
-1bc
In base 6, what is 441 - -1?
442
In base 7, what is -5 + 1252?
1244
In base 11, what is 2 - -1795?
1797
In base 2, what is -1000000101 - 10?
-1000000111
In base 16, what is 75 + -2?
73
In base 8, what is -5 - -2633?
2626
In base 6, what is -51450 - -4?
-51442
In base 12, what is 3908 + -2?
3906
In base 5, what is -2 + -2?
-4
In base 10, what is 214 - -9?
223
In base 10, what is 514 + -1?
513
In base 7, what is 322 - -10?
332
In base 16, what is d99 - -4?
d9d
In base 14, what is -7c2 + 0?
-7c2
In base 14, what is -2 - -3b?
39
In base 11, what is 0 + -1062?
-1062
In base 16, what is -1cc + -3?
-1cf
In base 4, what is 22 - -12201?
12223
In base 8, what is -115 + 5?
-110
In base 14, what is -20 + -3b?
-5b
In base 8, what is 14 + 7?
23
In base 4, what is 3 + 1032?
1101
In base 13, what is 41 + -5?
39
In base 6, what is -10 + 101?
51
In base 8, what is -4 + -2604?
-2610
In base 10, what is 3419 + -5?
3414
In base 14, what is 17c + -3?
179
In base 16, what is 1 - 2d?
-2c
In base 7, what is -134 + 11?
-123
In base 3, what is -12 + 201?
112
In base 9, what is -4 - 283?
-287
In base 12, what is -5 + 699?
694
In base 6, what is 33 + -1510?
-1433
In base 9, what is -1 + 123?
122
In base 16, what is -8a2 - -1?
-8a1
In base 2, what is -10110011011 - 10?
-10110011101
In base 9, what is -144 - -5?
-138
In base 13, what is 2c0 + 7?
2c7
In base 9, what is -1 - 446?
-447
In base 9, what is -508 + 1?
-507
In base 8, what is 65 - -11?
76
In base 2, what is 10 - 1101?
-1011
In base 13, what is 12c9 + -1?
12c8
In base 11, what is 0 - 309?
-309
In base 4, what is 1 - 220223?
-220222
In base 14, what is -2a5 + 3?
-2a2
In base 14, what is 55 + 4?
59
In base 16, what is -3 - 35f?
-362
In base 3, what is 220 - 10102?
-2112
In base 3, what is 2020 - -21?
2111
In base 13, what is 0 + -11?
-11
In base 6, what is -154 - -2?
-152
In base 10, what is 2 + 1234?
1236
In base 16, what is 5c + -9?
53
In base 4, what is -10 + 33322?
33312
In base 7, what is -5 - -60?
52
In base 15, what is -28a + -3?
-28d
In base 11, what is -5 - 157?
-161
In base 3, what is 1 + -20010?
-20002
In base 5, what is -10 - 32?
-42
In base 14, what is -8 + c56?
c4c
In base 16, what is -99 + 3?
-96
In base 4, what is 1310 - 1?
1303
In base 5, what is -20 + 1?
-14
In base 11, what is -a77 + -6?
-a82
In base 12, what is 97 - -1?
98
In base 15, what is -273 - -5?
-26d
In base 13, what is 2 - 11a?
-118
In base 10, what is -585 - -1?
-584
In base 6, what is 1 + -101?
-100
In base 13, what is -10cc 